mon factor of v and 7?
7
Let p(n) = 1 + 10 - 2 + 6*n**2 - 10*n. Let x be p(6). Let s = x - 33. Calculate the greatest common divisor of 12 and s.
12
Let c(r) = 11*r**2 + 2*r. Let p = 6 - 5. Let a(g) = -2*g**3 - g + 1. Let q be a(p). Let v be c(q). Calculate the greatest common factor of 8 and v.
8
Let f be (-9)/18 - 2/4*-17. Let n be (-2)/(-3) - (-116)/6. Calculate the greatest common divisor of f and n.
4
Suppose -13*b + 156 = -10*b. Let p = b + -27. Suppose -s = 4*k + 2*s - 494, 0 = -3*s - 6. Calculate the highest common divisor of k and p.
25
Suppose -3*m + 525 = 3*j, -m + 2*j = -82 - 81. Calculate the highest common divisor of m and 95.
19
Let x(u) = -u**3 + 6*u**2 - 6*u + 10. Let z = 19 + -15. Let f be x(z). What is the greatest common factor of f and 72?
18
Suppose 0 = 7*s - 220 - 207. Let q = 69 - s. Suppose 0 = -2*x - 3*x - 2*b + 52, 0 = x + 3*b. What is the greatest common factor of q and x?
4
Let y be (-40)/3*(-3264)/256. Calculate the highest common factor of y and 20.
10
Let x = 42 + -41. Suppose 28 - 7 = -j. Let o be 1/(-4) + j/(-4). What is the greatest common divisor of o and x?
1
Let u = 355 - 87. Calculate the greatest common factor of u and 67.
67
Suppose j + 2*j - 18 = 0. Let z = 3 + -1. Calculate the greatest common divisor of z and j.
2
Suppose 2*f - 19 = 47. Let y be 11/(f/144) - -1. Suppose 5*n = 4*x - y, x + n - 19 = -3*x. What is the greatest common factor of x and 18?
6
Let g(p) = 9*p + 52. Let z = -23 - -18. Let c be g(z). What is the highest common divisor of 91 and c?
7
Suppose 13*f - 66 = 10*f. Suppose 5*c - 10 + 0 = 0. What is the greatest common divisor of c and f?
2
Let a be (-30)/54 - 41477/(-171). Suppose 0 = -2*i - 4*z + 52, 0*i + 5*i = -5*z + 120. Calculate the greatest common divisor of i and a.
22
Suppose -2*u + i = -0*u - 263, -4*i - 653 = -5*u. Suppose 3*f - u - 92 = 0. What is the greatest common divisor of f and 30?
15
Let k(g) = 6*g**3 + 17*g - 17. Let l be k(1). What is the greatest common factor of 33 and l?
3
Let d = -4076 - -5851. Calculate the greatest common divisor of 71 and d.
71
Let s be (-39)/6*(-3)/(27/576). Calculate the highest common factor of s and 128.
32
Suppose -6*y + 6 = -4*y. Let o be ((-10)/y)/((-12)/54). What is the highest common factor of 10 and o?
5
Let s = -56 + 169. Suppose -15 + s = l. Suppose -2*q - 3*q = -70. Calculate the highest common divisor of l and q.
14
Let d be 0/(-3 + 2) + 20. Let y(x) = x**3 - 8*x**2 + x - 9. Let l be y(8). Let w be 15/4 - l/4. What is the greatest common factor of w and d?
4
Let z = 611 - 582. What is the highest common divisor of z and 551?
29
Let v be 3*-2*(-6)/(-108)*-234. Calculate the greatest common divisor of 1248 and v.
78
Suppose -5*m + 16 = a, 20 - 100 = -5*a + 3*m. Calculate the greatest common factor of 4 and a.
4
Let x be 4/30 + (-1133)/(-165). Calculate the greatest common divisor of x and 203.
7
Suppose 4*r = 40 + 4. Suppose -109*o + 87*o - 646 = -2582. What is the highest common divisor of o and r?
11
Let l = -16 - -16. Suppose 0*a - a + 30 = l. Suppose -4*r + 9*r = 4*x + 35, -5*r + a = -5*x. Calculate the greatest common divisor of 11 and r.
11
Let p = 6 + -41. Let q = 36 + p. Calculate the highest common factor of 9 and q.
1
Suppose 8*j - 14*j = -2070. What is the highest common divisor of 69 and j?
69
Suppose 163 + 104 = 3*o. Suppose -3*k + 5*j = -79, -k = -4*k - 5*j + o. What is the greatest common divisor of 56 and k?
28
Let b = -256 + 562. Suppose -4*a + b = -3*u + 122, 0 = -u - 5*a - 74. Let s = -26 - u. Calculate the greatest common factor of s and 19.
19
Let j(p) = -p**3 - p + 1. Let i be j(0). Let s be i*5/(-10) - (-66)/4. What is the highest common divisor of 8 and s?
8
Let q(o) = -3*o**2 - 4 - 2*o + 4 + o**3 + 1 + 2. Let z be q(2). Let t be ((-18)/(-10))/((-3)/z). What is the highest common divisor of t and 24?
3
Suppose -5*p + 78 = 18. Calculate the greatest common divisor of 672 and p.
12
Let f(l) = l**3 - 3*l**2 + 2*l - 2. Let z be f(3). Suppose -c + 18 = -z*c. Let t = c - -16. What is the highest common divisor of t and 2?
2
Let l be 3/(3*-2) - 825/(-66). Suppose 0*a + 2*u = -a + 26, 0 = 4*a + 3*u - 99. Calculate the highest common divisor of a and l.
12
Suppose 5*b + 286 - 3851 = 0. Calculate the highest common factor of 23 and b.
23
Suppose 0 = 4*y - 4 - 12. Suppose 0 = -4*p + u + 202, 7*p - 2*p = y*u + 258. What is the greatest common divisor of p and 10?
10
Let u(r) = -35*r + 16. Let f be u(0). Calculate the highest common divisor of f and 72.
8
Let x = 1052 + -1007. Calculate the highest common factor of 855 and x.
45
Let k = 67 + 222. Calculate the greatest common divisor of 17 and k.
17
Suppose 5*s - 88 = 122. Suppose -2*t + 3*w = -t - s, 0 = -2*w - 4. What is the greatest common divisor of t and 9?
9
Let l(s) be the first derivative of -s**3/3 + 9*s**2/2 + s - 1. Let c = 133 + -125. Let q be l(c). Calculate the greatest common divisor of 63 and q.
9
Suppose 2*u + g = 11, 4*u + 229*g = 231*g + 18. What is the greatest common divisor of u and 175?
5
Let i(c) = -45*c - 38. Let v be i(-6). Suppose -2*d + 4*d - 43 = 3*b, 2*b = 10. Calculate the greatest common divisor of d and v.
29
Let s be (2/3)/(8/156). Calculate the highest common divisor of s and 104.
13
Let w be (0 + (-14)/(-4))*(50 - 30). What is the greatest common divisor of w and 130?
10
Let o = 178 - 164. Let f(b) = -b**3 - 4*b**2 - 4*b - 4. Let u be f(-3). Let z be (-128)/u - (0 - -2). What is the highest common divisor of o and z?
14
Let l be (-88)/6*(-12)/16. Calculate the highest common divisor of l and 44.
11
Let o(d) = -d**3 + 542. Let j be o(0). Let h be 4/(-6) - j/(-3). Let n = 157 + -137. What is the greatest common divisor of n and h?
20
Let g be ((-20)/25)/((-4)/(-690)). Let r = 193 + g. Let z = 104 + -93. What is the highest common factor of r and z?
11
Let u(h) = -169*h + 656. Let k be u(-10). What is the greatest common factor of k and 69?
69
Let l(p) = -66*p + 605. Let a be l(4). What is the highest common factor of a and 55?
11
Suppose -12*b = 4*b - 176. Calculate the greatest common divisor of 66 and b.
11
Let l = 634 + -373. Calculate the greatest common divisor of l and 9.
9
Suppose 105*r - 2883 = 2892. Calculate the highest common divisor of 429 and r.
11
Suppose 4048 = 5*v + 3*v. Calculate the greatest common factor of 22 and v.
22
Let m be (45/(-18))/((-2)/16) + 4. What is the greatest common divisor of m and 108?
12
Let z(f) = -f**3 - 9*f**2 - 3*f - 22. Let k be z(-9). Calculate the highest common factor of 55 and k.
5
Let q be ((-12)/(-10))/(1/35). Let a(f) = f**3 + f**2 - 933*f - 37. Let x be a(-31). What is the greatest common divisor of x and q?
14
Let n(k) = -2*k - 26. Let v be n(-14). Let q(j) = -j**3 + 3*j**2 + j - 3. Let t be q(v). What is the highest common divisor of 3 and t?
3
Suppose 0 = -3*o - 4*y - 4, -1 + 5 = 4*o - 4*y. Suppose 5*u - 6*u + 220 = o. Suppose 0*p = 2*p - u. Calculate the greatest common factor of 10 and p.
10
Suppose -2*a = -3*a - 1, 3*l = -5*a + 163. Let i be ((20/15)/(-4))/((-4)/96). Calculate the greatest common divisor of i and l.
8
Suppose -7*k + 11*k = -3*m, 0 = 3*k - m - 13. What is the highest common divisor of 69 and k?
3
Suppose -828 - 1668 = 4*y. Let v be (-4)/14 + y/(-28). What is the highest common divisor of 55 and v?
11
Let q = 648 - 626. What is the greatest common factor of 374 and q?
22
Let d = 16 - -32. Let n be -6 - (2*(-213)/6 - -1). Calculate the greatest common factor of n and d.
16
Let w = 53 - 53. Suppose 2*r = 3*s + s - 198, -s - 2*r + 52 = w. Calculate the highest common factor of 30 and s.
10
Suppose -4*m = -2*c + 7*c - 45, 3*m - 30 = -3*c. Suppose m*w - 2*w = 48. What is the highest common divisor of 48 and w?
16
Let j be (-3*1)/(6/28*-2). Suppose -3*x = -j*x + 96. Let r(u) = -u**2 + u + 16. Let h be r(0). Calculate the highest common factor of x and h.
8
Suppose -5*w + 28 = 2*p, -w + 28 = 2*p + 2*w. Suppose 2*d + 2*y - p = 104, 5*y + 90 = 2*d. Let s = -38 - -43. What is the greatest common divisor of s and d?
5
Let q(h) be the first derivative of -17*h**2 + 2*h - 4. Let w be q(1). Let a be 3*(-2 + w/(-6)). What is the greatest common factor of 20 and a?
10
Suppose 4*f + 2*g = -140, 2*f = 3*g - g - 64. Let q = -22 - f. What is the greatest common factor of 4 and q